{"id":5646,"date":"2014-08-25T04:16:38","date_gmt":"2014-08-25T02:16:38","guid":{"rendered":"http:\/\/www.eisenhaber.com\/?page_id=5646"},"modified":"2022-02-23T18:42:44","modified_gmt":"2022-02-23T16:42:44","slug":"impressum","status":"publish","type":"page","link":"https:\/\/eisenhaber.com\/?page_id=5646","title":{"rendered":"Impressum"},"content":{"rendered":"<p><strong>Verantwortlich nach \u00a75 TMG<\/strong><\/p>\n<p>Diana Eisenhaber<br \/>\nSaarbr\u00fccker Str. 7 10405 Berlin<br \/>\nT. +49(0) 30 &#8211; 53644226<br \/>\nM. +49(0) 176 &#8211; 41752514<br \/>\nE-Mail: diana@eisenhaber.com<\/p>\n<p>Steuernummer: 31\/274\/00847<\/p>\n<p><strong>Verantwortlich f\u00fcr den Inhalt;<\/strong><br \/>\nDiana Eisenhaber<br \/>\nSaarbr\u00fccker Str. 7 &#8211; 10405 Berlin<\/p>\n<p>Diana Eisenhaber tr\u00e4gt die von der Bundesrepublik Deutschland verliehene Berufsbezeichnung Physiotherapeutin.<\/p>\n<p><strong>Haftungsausschluss<\/strong><br \/>\nDer Inhalt dieses Webauftritts wurde nach bestem Wissen und mit gr\u00f6sster Sorgfalt erstellt. Dennoch kann keine Gew\u00e4hr oder Haftung \u00fcbernommen werden. F\u00fcr den Inhalt verlinkter Seiten sind ausschliesslich deren Betreiber verantwortlich.<\/p>\n<p><strong>Datenschutz<\/strong><br \/>\nSoweit Sie pers\u00f6nliche Daten \u00fcber zB eine E-Mail \u00fcbermitteln, werden diese ausschliesslich f\u00fcr die direkte Kommunikation verwendet. Keine Weitergabe dieser Daten an Dritte! Sie haben jederzeit ein Recht auf die L\u00f6schung Ihrer pers\u00f6nlichen Daten, soweit nicht eine gesetzliche Aufbewahrungspflicht besteht. Falls Sie die L\u00f6schung Ihrer Daten w\u00fcnschen, teilen Sie dies bitte per E-Mail mit.<\/p>\n<p><strong>Weitere rechtliche Hinweise<\/strong><br \/>\nInhalt und Struktur dieses Webangebotes sind urheberrechtlich gesch\u00fctzt. Die Vervielf\u00e4ltigung und\/oder gewerbliche Nutzung der bereitgehaltenen Inhalte sowie die Verwendung von Texten und\/oder Bildern bedarf der schriftlichen Einwilligung<\/p>\n","protected":false},"excerpt":{"rendered":"<p>Verantwortlich nach \u00a75 TMG Diana Eisenhaber Saarbr\u00fccker Str. 7 10405 Berlin T. +49(0) 30 &#8211; 53644226 M. +49(0) 176 &#8211; [&hellip;]<\/p>\n","protected":false},"author":1,"featured_media":0,"parent":0,"menu_order":0,"comment_status":"closed","ping_status":"open","template":"","meta":{"site-sidebar-layout":"default","site-content-layout":"","ast-site-content-layout":"default","site-content-style":"default","site-sidebar-style":"default","ast-global-header-display":"","ast-banner-title-visibility":"","ast-main-header-display":"","ast-hfb-above-header-display":"","ast-hfb-below-header-display":"","ast-hfb-mobile-header-display":"","site-post-title":"","ast-breadcrumbs-content":"","ast-featured-img":"","footer-sml-layout":"","theme-transparent-header-meta":"","adv-header-id-meta":"","stick-header-meta":"","header-above-stick-meta":"","header-main-stick-meta":"","header-below-stick-meta":"","astra-migrate-meta-layouts":"default","ast-page-background-enabled":"default","ast-page-background-meta":{"desktop":{"background-color":"var(--ast-global-color-5)","background-image":"","background-repeat":"repeat","background-position":"center center","background-size":"auto","background-attachment":"scroll","background-type":"","background-media":"","overlay-type":"","overlay-color":"","overlay-opacity":"","overlay-gradient":""},"tablet":{"background-color":"","background-image":"","background-repeat":"repeat","background-position":"center center","background-size":"auto","background-attachment":"scroll","background-type":"","background-media":"","overlay-type":"","overlay-color":"","overlay-opacity":"","overlay-gradient":""},"mobile":{"background-color":"","background-image":"","background-repeat":"repeat","background-position":"center center","background-size":"auto","background-attachment":"scroll","background-type":"","background-media":"","overlay-type":"","overlay-color":"","overlay-opacity":"","overlay-gradient":""}},"ast-content-background-meta":{"desktop":{"background-color":"var(--ast-global-color-4)","background-image":"","background-repeat":"repeat","background-position":"center center","background-size":"auto","background-attachment":"scroll","background-type":"","background-media":"","overlay-type":"","overlay-color":"","overlay-opacity":"","overlay-gradient":""},"tablet":{"background-color":"var(--ast-global-color-4)","background-image":"","background-repeat":"repeat","background-position":"center center","background-size":"auto","background-attachment":"scroll","background-type":"","background-media":"","overlay-type":"","overlay-color":"","overlay-opacity":"","overlay-gradient":""},"mobile":{"background-color":"var(--ast-global-color-4)","background-image":"","background-repeat":"repeat","background-position":"center center","background-size":"auto","background-attachment":"scroll","background-type":"","background-media":"","overlay-type":"","overlay-color":"","overlay-opacity":"","overlay-gradient":""}},"footnotes":""},"class_list":["post-5646","page","type-page","status-publish","hentry"],"yoast_head":"<!-- This site is optimized with the Yoast SEO plugin v25.7 - https:\/\/yoast.com\/wordpress\/plugins\/seo\/ -->\n<title>Impressum - Eisenhaber - Praxis f\u00fcr Physiotherapie in Berlin Prenzlauer<\/title>\n<meta name=\"description\" content=\"Verantwortlich nach \u00a75 TMG Diana Eisenhaber Saarbr\u00fccker Str. 7 10405 Berlin T. +49(0) 30 &#8211; 53644226 M. +49(0) 176 &#8211; [&hellip;]\" \/>\n<meta name=\"robots\" content=\"index, follow, max-snippet:-1, max-image-preview:large, max-video-preview:-1\" \/>\n<link rel=\"canonical\" href=\"https:\/\/eisenhaber.com\/?page_id=5646\" \/>\n<meta property=\"og:locale\" content=\"de_DE\" \/>\n<meta property=\"og:type\" content=\"article\" \/>\n<meta property=\"og:title\" content=\"Impressum - Eisenhaber - Praxis f\u00fcr Physiotherapie in Berlin Prenzlauer\" \/>\n<meta property=\"og:description\" content=\"Verantwortlich nach \u00a75 TMG Diana Eisenhaber Saarbr\u00fccker Str. 7 10405 Berlin T. +49(0) 30 &#8211; 53644226 M. +49(0) 176 &#8211; [&hellip;]\" \/>\n<meta property=\"og:url\" content=\"https:\/\/eisenhaber.com\/?page_id=5646\" \/>\n<meta property=\"og:site_name\" content=\"Eisenhaber - Praxis f\u00fcr Physiotherapie in Berlin Prenzlauer\" \/>\n<meta property=\"article:modified_time\" content=\"2022-02-23T16:42:44+00:00\" \/>\n<meta name=\"twitter:card\" content=\"summary_large_image\" \/>\n<meta name=\"twitter:label1\" content=\"Gesch\u00e4tzte Lesezeit\" \/>\n\t<meta name=\"twitter:data1\" content=\"1\u00a0Minute\" \/>\n<script type=\"application\/ld+json\" class=\"yoast-schema-graph\">{\"@context\":\"https:\/\/schema.org\",\"@graph\":[{\"@type\":\"WebPage\",\"@id\":\"https:\/\/eisenhaber.com\/?page_id=5646\",\"url\":\"https:\/\/eisenhaber.com\/?page_id=5646\",\"name\":\"Impressum - Eisenhaber - Praxis f\u00fcr Physiotherapie in Berlin Prenzlauer\",\"isPartOf\":{\"@id\":\"https:\/\/eisenhaber.com\/#website\"},\"datePublished\":\"2014-08-25T02:16:38+00:00\",\"dateModified\":\"2022-02-23T16:42:44+00:00\",\"breadcrumb\":{\"@id\":\"https:\/\/eisenhaber.com\/?page_id=5646#breadcrumb\"},\"inLanguage\":\"de\",\"potentialAction\":[{\"@type\":\"ReadAction\",\"target\":[\"https:\/\/eisenhaber.com\/?page_id=5646\"]}]},{\"@type\":\"BreadcrumbList\",\"@id\":\"https:\/\/eisenhaber.com\/?page_id=5646#breadcrumb\",\"itemListElement\":[{\"@type\":\"ListItem\",\"position\":1,\"name\":\"Home\",\"item\":\"https:\/\/eisenhaber.com\/\"},{\"@type\":\"ListItem\",\"position\":2,\"name\":\"Impressum\"}]},{\"@type\":\"WebSite\",\"@id\":\"https:\/\/eisenhaber.com\/#website\",\"url\":\"https:\/\/eisenhaber.com\/\",\"name\":\"Eisenhaber - Praxis f\u00fcr Physiotherapie in Berlin Prenzlauer\",\"description\":\"professionelle Physiotherapie mitten im Prenzlauer Berg mit individuellen L\u00f6sungen f\u00fcr Ihre Gesundheit und Ihrem Wohlbefinden\",\"potentialAction\":[{\"@type\":\"SearchAction\",\"target\":{\"@type\":\"EntryPoint\",\"urlTemplate\":\"https:\/\/eisenhaber.com\/?s={search_term_string}\"},\"query-input\":{\"@type\":\"PropertyValueSpecification\",\"valueRequired\":true,\"valueName\":\"search_term_string\"}}],\"inLanguage\":\"de\"}]}<\/script>\n<!-- \/ Yoast SEO plugin. -->","yoast_head_json":{"title":"Impressum - Eisenhaber - Praxis f\u00fcr Physiotherapie in Berlin Prenzlauer","description":"Verantwortlich nach \u00a75 TMG Diana Eisenhaber Saarbr\u00fccker Str. 7 10405 Berlin T. +49(0) 30 &#8211; 53644226 M. +49(0) 176 &#8211; [&hellip;]","robots":{"index":"index","follow":"follow","max-snippet":"max-snippet:-1","max-image-preview":"max-image-preview:large","max-video-preview":"max-video-preview:-1"},"canonical":"https:\/\/eisenhaber.com\/?page_id=5646","og_locale":"de_DE","og_type":"article","og_title":"Impressum - Eisenhaber - Praxis f\u00fcr Physiotherapie in Berlin Prenzlauer","og_description":"Verantwortlich nach \u00a75 TMG Diana Eisenhaber Saarbr\u00fccker Str. 7 10405 Berlin T. +49(0) 30 &#8211; 53644226 M. +49(0) 176 &#8211; [&hellip;]","og_url":"https:\/\/eisenhaber.com\/?page_id=5646","og_site_name":"Eisenhaber - Praxis f\u00fcr Physiotherapie in Berlin Prenzlauer","article_modified_time":"2022-02-23T16:42:44+00:00","twitter_card":"summary_large_image","twitter_misc":{"Gesch\u00e4tzte Lesezeit":"1\u00a0Minute"},"schema":{"@context":"https:\/\/schema.org","@graph":[{"@type":"WebPage","@id":"https:\/\/eisenhaber.com\/?page_id=5646","url":"https:\/\/eisenhaber.com\/?page_id=5646","name":"Impressum - Eisenhaber - Praxis f\u00fcr Physiotherapie in Berlin Prenzlauer","isPartOf":{"@id":"https:\/\/eisenhaber.com\/#website"},"datePublished":"2014-08-25T02:16:38+00:00","dateModified":"2022-02-23T16:42:44+00:00","breadcrumb":{"@id":"https:\/\/eisenhaber.com\/?page_id=5646#breadcrumb"},"inLanguage":"de","potentialAction":[{"@type":"ReadAction","target":["https:\/\/eisenhaber.com\/?page_id=5646"]}]},{"@type":"BreadcrumbList","@id":"https:\/\/eisenhaber.com\/?page_id=5646#breadcrumb","itemListElement":[{"@type":"ListItem","position":1,"name":"Home","item":"https:\/\/eisenhaber.com\/"},{"@type":"ListItem","position":2,"name":"Impressum"}]},{"@type":"WebSite","@id":"https:\/\/eisenhaber.com\/#website","url":"https:\/\/eisenhaber.com\/","name":"Eisenhaber - Praxis f\u00fcr Physiotherapie in Berlin Prenzlauer","description":"professionelle Physiotherapie mitten im Prenzlauer Berg mit individuellen L\u00f6sungen f\u00fcr Ihre Gesundheit und Ihrem Wohlbefinden","potentialAction":[{"@type":"SearchAction","target":{"@type":"EntryPoint","urlTemplate":"https:\/\/eisenhaber.com\/?s={search_term_string}"},"query-input":{"@type":"PropertyValueSpecification","valueRequired":true,"valueName":"search_term_string"}}],"inLanguage":"de"}]}},"_links":{"self":[{"href":"https:\/\/eisenhaber.com\/index.php?rest_route=\/wp\/v2\/pages\/5646","targetHints":{"allow":["GET"]}}],"collection":[{"href":"https:\/\/eisenhaber.com\/index.php?rest_route=\/wp\/v2\/pages"}],"about":[{"href":"https:\/\/eisenhaber.com\/index.php?rest_route=\/wp\/v2\/types\/page"}],"author":[{"embeddable":true,"href":"https:\/\/eisenhaber.com\/index.php?rest_route=\/wp\/v2\/users\/1"}],"replies":[{"embeddable":true,"href":"https:\/\/eisenhaber.com\/index.php?rest_route=%2Fwp%2Fv2%2Fcomments&post=5646"}],"version-history":[{"count":4,"href":"https:\/\/eisenhaber.com\/index.php?rest_route=\/wp\/v2\/pages\/5646\/revisions"}],"predecessor-version":[{"id":6497,"href":"https:\/\/eisenhaber.com\/index.php?rest_route=\/wp\/v2\/pages\/5646\/revisions\/6497"}],"wp:attachment":[{"href":"https:\/\/eisenhaber.com\/index.php?rest_route=%2Fwp%2Fv2%2Fmedia&parent=5646"}],"curies":[{"name":"wp","href":"https:\/\/api.w.org\/{rel}","templated":true}]}}